uppose 5*u + 4*l + 4 = -0*u, -2*u + 4*l + 4 = 0. Suppose -9*b + 17*b - 18456 = u. Is b a prime number?
False
Suppose 4*a - 33841 = -u, 2*a - 33853 = -2*a + 3*u. Is a a composite number?
False
Suppose 7*a = 3835 + 20154. Is a a composite number?
True
Suppose 5 = -3*f + 11. Suppose -4 = -f*t + 4. Is (6/t)/((-21)/(-12418)) prime?
True
Suppose j - 18355 = -15*z + 10*z, -z = 4*j - 3671. Is z composite?
False
Let y(v) = 2*v**2 + 9*v + 40. Let d be y(-17). Suppose 4*n = -d + 1757. Is n a prime number?
False
Let l = -60009 - -84620. Is l prime?
True
Is (1/(2/3943))/(85/170) a prime number?
True
Suppose 6*s - 5*s = 0. Suppose 3*t + 3 + 0 = s. Let g = t + 296. Is g a prime number?
False
Suppose -44*c + 136480 = 46148. Is c composite?
False
Let z = 82 - 91. Let x(r) = r**2 - 4*r + 14. Is x(z) prime?
True
Let r = 1304 - 2751. Let v = r - -738. Is ((-1)/1)/(1/v) a prime number?
True
Let a(v) = 3*v**3 + 3*v**2 - 15*v + 15. Let p(b) = b**3 + b**2 - 7*b + 7. Let y(l) = 2*a(l) - 5*p(l). Let i(x) = -x. Let r be i(-4). Is y(r) prime?
False
Let h = -27885 + 52544. Is h a composite number?
False
Let n(p) = -8*p - 11. Let q be n(-4). Suppose -65 = -x + 6*x - y, 3*x + q = -3*y. Is (x - -3)*(-142)/6 a composite number?
True
Suppose 0*j = 4*j. Let c = j - -3. Suppose 0 = -c*t + 21. Is t a prime number?
True
Suppose -31*i + 19629 + 220218 = 0. Is i prime?
False
Let p be -10*(-2)/4 - 3. Suppose -5*g - 93 = -3*n + 22, -p*g + 2*n = 50. Let i = g + 53. Is i prime?
False
Suppose 4*s = -3*g + g - 24, 0 = 4*g - 4*s - 12. Let m(a) = 353*a**2 + 2*a + 1. Is m(g) a composite number?
False
Suppose -12*s = -852 - 4488. Is s composite?
True
Suppose 4*k = -2*n + 5 + 7, 5*n - 4*k - 30 = 0. Let o be (-6142)/(-4) - (-1)/(-2). Suppose -z = -n*z + o. Is z a prime number?
True
Let w = -4861 - -8064. Is w a composite number?
False
Let p be (-1 - -1)/(6 - 7). Suppose 3*c = -p*c + 1941. Is c prime?
True
Let g(w) = 2792*w + 65. Is g(6) prime?
False
Let v(n) = -8*n - 13. Let r be v(-2). Suppose -5*g - 4*a + 13169 = 0, -r*a + 3342 = 3*g - 4560. Is g a composite number?
False
Let p be ((-6)/(-4))/(2/4). Suppose t = 2*r + 3*t - 468, -p*t = -2*r + 463. Is r composite?
False
Let l(r) = 691*r + 226. Is l(11) a prime number?
False
Suppose -48 = 10*h - 7*h. Let d be 46/8 + 12/h. Suppose d*c + 627 - 4952 = 0. Is c a composite number?
True
Suppose -5*w - 171373 = 69*b - 73*b, 5*b + 2*w - 214241 = 0. Is b a composite number?
True
Let g(k) be the third derivative of k**6/120 - k**5/30 + k**4/24 + k**3/3 - 2*k**2. Let s be g(2). Is 3/s - 418/(-8) composite?
False
Is 9/((-9)/(-4022))*1 a prime number?
False
Suppose -222*c + 237*c - 394665 = 0. Is c a prime number?
False
Suppose -90*b + 96*b - 2226 = 0. Is b prime?
False
Suppose 5*k - 3*q = 21, 0*k - q = -k + 5. Let o be 2/(4/12*6)*1. Suppose 2*u - o = -k*t + 2020, -2*t = 3*u - 1339. Is t prime?
True
Let c(a) = -9*a**3 + 7*a**2 + 23*a + 94. Is c(-5) a composite number?
False
Suppose -b - 3*d = -2*d - 1145, 3*d = 5*b - 5693. Is b composite?
True
Let i = 2451 + -1702. Is i prime?
False
Let r = -2102 - -3163. Is r prime?
True
Suppose -41*y + 3 = -42*y. Is y*((-3922)/6 - -4) a prime number?
True
Suppose 0 = 36*j - 35*j - 10. Is (127*j)/2 - (0 - 0) a prime number?
False
Suppose 0 = -a - 5*j + 33, -11*a + 13*a - 78 = -4*j. Let x be 0 - (-36)/(2 - -1). Let v = a - x. Is v a composite number?
False
Let n be 7/(7/2) - (-2)/(-2). Is (-2*n/(-2))/((-2)/(-508)) composite?
True
Let j(g) = -27*g + 65. Is j(-14) composite?
False
Let o = 1768 - -133. Is o a composite number?
False
Let j(a) = -56*a - 10. Let s be 3/(0 - -3)*-3. Let h be j(s). Suppose l - 3*l = -h. Is l a composite number?
False
Suppose -y + 3984 = -2953. Is y a prime number?
False
Suppose 11 = b + q - 0*q, 63 = 5*b + q. Let u = b + 36. Is u composite?
True
Suppose 3*s - 98 = 2*r + 2*r, -s + 2*r = -34. Suppose -4*i + 6*q + 31 = 3*q, -5*q + s = 5*i. Suppose 0 = -4*m + 2*j - i*j + 1241, 4*m = -4*j + 1244. Is m prime?
False
Let s be ((-18)/(-12))/(2/1700). Let n = s - 902. Suppose -6*l - n = -7*l. Is l a prime number?
True
Suppose 5 = 2*h + 3*h - 5*m, 4*h - 2*m - 4 = 0. Let n be 2 + -2 - (h - 4). Is 1117/(n/(-3) - -2) prime?
True
Let a = 13 - 7. Let f(u) = 0 - 21705*u + 21743*u - 2. Is f(a) prime?
False
Suppose 0*p + 5*p - 5 = 0. Let n(l) = -23*l + p + 0 + 309*l + 6*l. Is n(1) prime?
True
Let l be (-2 + 1)/(-1) + 3. Let h be (48/15)/l*10. Is (-447)/(-12) + (-2)/h a prime number?
True
Is 1137/(-4 - (-476)/116) prime?
False
Let f(o) = o + 12. Let j be f(-10). Suppose -5 = -j*t + 1. Suppose -y - t*y + 316 = 0. Is y prime?
True
Let o(z) = -358*z**2 - 14*z + 18. Let d be o(-12). Is d/(-21) + (-10)/2 prime?
True
Suppose -12 + 2 = 5*d. Is (d + 1 + 2)*111 a composite number?
True
Suppose 16 = -4*w, -o - 3*w + w + 2633 = 0. Is o a composite number?
True
Suppose -16*l + 534358 = 6*l. Is l a composite number?
True
Let w(z) = -4*z**2 + 12*z - 1. Let b(a) = 6*a**2 - 2*a**2 + 0*a**2 + 2 - 13*a. Let g(x) = -5*b(x) - 6*w(x). Is g(-3) prime?
True
Let q(r) = r**3 + 4*r**2 + 4*r + 1. Suppose 5*j + 72 = 2*z, z = -0*j - 3*j - 52. Let s = -12 - j. Is q(s) composite?
True
Let a(x) = -89*x - 118. Is a(-33) a prime number?
True
Suppose -2*l + 5*i = -0*i - 296, 4*i - 122 = -l. Suppose 5*x = 2*x + l. Is x composite?
True
Suppose -4*y + 4 + 12 = 0. Suppose -6*m + 8 = -y*m. Suppose 5*k = -m*u + 8*u + 557, 115 = k + u. Is k composite?
False
Let k(u) = u**3 - 3*u - 6. Let j be k(-7). Let w = 579 + j. Is w a prime number?
True
Let z = 120 - 55. Is z a prime number?
False
Let r = -1593 - -4420. Is r a prime number?
False
Let t = 6604 + -681. Is t a composite number?
False
Is 0 + 0 - -13278 - 500/(-100) a composite number?
True
Let h(q) be the second derivative of -5*q**4/6 + q**2/2 + 4*q. Let f be h(1). Let c = 31 + f. Is c prime?
False
Let m(f) = 19*f**2 - f - 4. Let t = 21 + -31. Let w be m(t). Suppose w = 4*r - 322. Is r prime?
True
Let m(y) = -7*y**3 + 3*y**2 + 9. Suppose 22 = -5*q - 3. Is m(q) composite?
True
Let h be 0 + -4*3/2. Let k be (-18 - 0)/(h/(-4)). Let r = k - -19. Is r prime?
True
Suppose 4*j - s = 46 + 3, -3*j - 2*s + 45 = 0. Let q(o) be the second derivative of -o**5/20 + 7*o**4/6 + 2*o**3/3 - 5*o**2 + 3*o. Is q(j) a prime number?
True
Let f(b) be the third derivative of b**5/60 + b**4/4 + b**3/6 - 3*b**2. Let u be f(-3). Let h(w) = w**2 + 7*w + 11. Is h(u) prime?
True
Let n(s) = -s**2 + 15*s + 20. Let k be n(16). Suppose 4*a + 9 = -3*i, 3*i - 1 = -3*a - k. Is 703/3 + (-4)/a composite?
True
Let a(o) = 3*o - 10. Let n be a(5). Suppose n*i - 21179 = 6356. Is i a composite number?
False
Suppose 2*v - 64309 = -b, 5*v - v = -20. Is b a prime number?
True
Is 3601 - (-1 + 2 - -7) a prime number?
True
Let d be (14 - (-4 - 0)) + -1. Let u(k) = 10 + 4*k**2 + 3*k**3 - 15*k**2 + d*k - 4*k**3. Is u(-13) composite?
False
Let h be (-1)/(1/(-1335)*3). Suppose 0 = -4*k + x + 2634, 4*k - 3*x - h - 2185 = 0. Is k composite?
False
Suppose -d = 3*d - 8. Suppose 0 = 2*p + 4*r + 10 - d, 3*r + 9 = 0. Suppose j + 65 = p*j. Is j composite?
True
Let z(x) = x**3 + 30*x**2 + 69*x - 1. Is z(-25) prime?
True
Let n(y) = 596*y - 41. Is n(9) a prime number?
True
Let n(d) = 3*d**3 - 7*d**2 - 21*d - 61. Is n(14) composite?
True
Let t be 1 + 0 - 1/2*-78. Suppose -v - t = -242. Is v prime?
False
Is (0 + (7 - 0))*3 composite?
True
Let s = -107 + 140. Suppose 212 = -31*g + s*g. Is g prime?
False
Suppose -7*u = -51*u + 1931116. Is u composite?
False
Suppose 0*t - 592 = -3*t + 5*i, -4*t + 812 = -i. Suppose 2*d + t = 6*d. Is d a composite number?
True
Let u(m) = -5*m**2 - 11*m + 19. Let o(s) = 9*s**2 + 21*s - 38. Let x(l) = 3*o(l) + 5*u(l). Is x(5) composite?
False
Suppose -5*s - 434 = -z + 51, 3*z + 4*s - 1417 = 0. Let i = z - 264. Suppose 2*t = k - i, 431 = 2*k - 3*t + 2*t. Is k prime?
False
Let x be (-1)/(-1 - 32/(-36)). Suppose g + v - x - 9 = 0, 3*g = -5*v + 56. Suppose g = k - 42. Is k prime?
True
Suppose 2*b = -0*b + 3*m + 4, 2*m = -4*b - 8. Let s(p) = -255*p**2 + p + 5. Let c(h) = 256*h**2 - h - 4. Let q(d) = 4*c(d) + 3*s(d). Is q(b) prime?
False
Suppose 80*b - 75*b - 2055 = 0. Is b a prime number?
False
Let b(y) = y**3 - 12*y**2 - 14*y + 18. Let s be b(13). Suppose 0*m = -4*m. Suppose 73 = s*k + f, m*f = k + 2*f - 11. Is k a composite number?
True
Suppose -